
What is the remainder when 451884 is divided by 25102?
48
Calculate the remainder when 9258936 is divided by 304.
8
Calculate the remainder when 233688 is divided by 1666.
448
Calculate the remainder when 6971673 is divided by 117.
111
Calculate the remainder when 5857639 is divided by 450.
439
What is the remainder when 899451 is divided by 2428?
1091
Calculate the remainder when 7961371 is divided by 70.
61
What is the remainder when 42057 is divided by 81?
18
What is the remainder when 79053950 is divided by 6798?
8
Calculate the remainder when 1020642 is divided by 2765.
357
What is the remainder when 5936224 is divided by 619?
14
What is the remainder when 12532689 is divided by 190?
99
Calculate the remainder when 16956 is divided by 16921.
35
Calculate the remainder when 484315 is divided by 32281.
100
Calculate the remainder when 56263200 is divided by 2083822.
6
Calculate the remainder when 329946 is divided by 2377.
1920
What is the remainder when 1043354 is divided by 521677?
0
Calculate the remainder when 77020 is divided by 3911.
2711
Calculate the remainder when 74681 is divided by 405.
161
Calculate the remainder when 563494476 is divided by 91.
90
What is the remainder when 4669620 is divided by 667086?
18
Calculate the remainder when 23478 is divided by 634.
20
What is the remainder when 1318937 is divided by 123?
8
Calculate the remainder when 5896806 is divided by 13104.
6
What is the remainder when 224615 is divided by 197?
35
What is the remainder when 93907306 is divided by 1732?
1730
Calculate the remainder when 336958 is divided by 2290.
328
Calculate the remainder when 184698 is divided by 963.
765
Calculate the remainder when 10053 is divided by 84.
57
What is the remainder when 33365009 is divided by 628?
625
What is the remainder when 193125 is divided by 1875?
0
What is the remainder when 3536540 is divided by 1178835?
35
What is the remainder when 4294211 is divided by 217?
215
Calculate the remainder when 111254 is divided by 724.
482
What is the remainder when 159819514 is divided by 2311?
2309
What is the remainder when 126709 is divided by 8631?
5875
Calculate the remainder when 6740321 is divided by 168.
161
Calculate the remainder when 76589 is divided by 37.
36
Calculate the remainder when 6588784 is divided by 1647195.
4
What is the remainder when 86310 is divided by 182?
42
What is the remainder when 127538 is divided by 1738?
664
What is the remainder when 413900 is divided by 206901?
98
Calculate the remainder when 2255086 is divided by 1759.
48
Calculate the remainder when 1265587 is divided by 1224.
1195
Calculate the remainder when 765281805 is divided by 127.
125
What is the remainder when 56485 is divided by 1440?
325
What is the remainder when 910671 is divided by 227646?
87
Calculate the remainder when 152336722 is divided by 152336718.
4
What is the remainder when 2320186 is divided by 28?
22
Calculate the remainder when 263515935 is divided by 23955993.
12
Calculate the remainder when 27189833 is divided by 426.
383
What is the remainder when 91456835 is divided by 1621?
15
What is the remainder when 212534 is divided by 496?
246
Calculate the remainder when 4644619 is divided by 334.
15
Calculate the remainder when 496126 is divided by 1923.
1915
What is the remainder when 50536 is divided by 2257?
882
What is the remainder when 354102 is divided by 117755?
837
What is the remainder when 127294 is divided by 124618?
2676
What is the remainder when 12141168 is divided by 119031?
6
Calculate the remainder when 259603 is divided by 19889.
1046
What is the remainder when 61709 is divided by 24550?
12609
Calculate the remainder when 4028908 is divided by 167871.
4
Calculate the remainder when 2120189 is divided by 139.
22
What is the remainder when 977775 is divided by 97639?
1385
What is the remainder when 3022494 is divided by 105?
69
What is the remainder when 35739343 is divided by 871691?
12
What is the remainder when 2412031 is divided by 61839?
310
Calculate the remainder when 41243 is divided by 4550.
293
What is the remainder when 2363505 is divided by 249?
246
What is the remainder when 102533 is divided by 158?
149
What is the remainder when 10418853 is divided by 5209425?
3
Calculate the remainder when 19991810 is divided by 17.
14
What is the remainder when 269890 is divided by 573?
7
What is the remainder when 511661 is divided by 415?
381
What is the remainder when 625746 is divided by 869?
66
Calculate the remainder when 19209851 is divided by 561.
89
Calculate the remainder when 1129548 is divided by 59.
52
What is the remainder when 1631331 is divided by 80?
51
What is the remainder when 59433273 is divided by 9905545?
3
What is the remainder when 200713 is divided by 12533?
185
What is the remainder when 217995 is divided by 54464?
139
What is the remainder when 28004 is divided by 5570?
154
What is the remainder when 10551376 is divided by 744?
712
What is the remainder when 35150 is divided by 88?
38
What is the remainder when 255252 is divided by 127558?
136
What is the remainder when 2029743 is divided by 33274?
29
Calculate the remainder when 35162 is divided by 26.
10
What is the remainder when 145984 is divided by 48555?
319
Calculate the remainder when 65173 is divided by 1902.
505
What is the remainder when 52036 is divided by 1022?
936
Calculate the remainder when 13642753 is divided by 3410680.
33
What is the remainder when 3251184 is divided by 340?
104
Calculate the remainder when 37375822 is divided by 19.
10
What is the remainder when 14744967 is divided by 4914987?
6
Calculate the remainder when 10731 is divided by 23.
13
What is the remainder when 146918816 is divided by 6?
2
What is the remainder when 243559 is divided by 351?
316
What is the remainder when 725137318 is divided by 40?
38
What is the remainder when 81484 is divided by 693?
403
What is the remainder when 391482 is divided by 130335?
477
Calculate the remainder when 114761 is divided by 1688.
1665
Calculate the remainder when 3367289 is divided by 49.
9
Calculate the remainder when 24623 is divided by 2518.
1961
What is the remainder when 38943 is divided by 36547?
2396
What is the remainder when 32965149 is divided by 804028?
1
Calculate the remainder when 1397422 is divided by 92.
34
Calculate the remainder when 632946 is divided by 1112.
218
Calculate the remainder when 7666193 is divided by 2555390.
23
Calculate the remainder when 14006625 is divided by 110.
105
What is the remainder when 394688524 is divided by 29?
3
Calculate the remainder when 7043213 is divided by 1014.
983
What is the remainder when 2401464 is divided by 10?
4
What is the remainder when 643111 is divided by 53589?
43
What is the remainder when 301591 is divided by 15077?
51
What is the remainder when 72550 is divided by 17?
11
What is the remainder when 34310 is divided by 3393?
380
Calculate the remainder when 50171 is divided by 1787.
135
Calculate the remainder when 116253 is divided by 38736.
45
Calculate the remainder when 1270486 is divided by 254089.
41
What is the remainder when 9401414 is divided by 70?
64
Calculate the remainder when 8065130 is divided by 2688373.
11
Calculate the remainder when 543577 is divided by 6177.
1
What is the remainder when 159629453 is divided by 5782?
5779
Calculate the remainder when 7657423 is divided by 67.
60
Calculate the remainder when 12118128 is divided by 904.
8
What is the remainder when 11774 is divided by 3690?
704
Calculate the remainder when 1959532 is divided by 358.
198
What is the remainder when 42791 is divided by 832?
359
What is the remainder when 206626 is divided by 12913?
18
Calculate the remainder when 237476657 is divided by 108.
101
Calculate the remainder when 886381 is divided by 732.
661
Calculate the remainder when 35218490 is divided by 34.
32
What is the remainder when 12105859 is divided by 367?
364
Calculate the remainder when 110479 is divided by 13484.
2607
Calculate the remainder when 317525 is divided by 52920.
5
Calculate the remainder when 3339941 is divided by 3707.
3641
What is the remainder when 4641249 is divided by 33?
30
What is the remainder when 66823 is divided by 656?
567
What is the remainder when 306318439 is divided by 124?
12